is divided by 57.
56
What is the remainder when 11 is divided by 2/13 + (-250)/(-65)?
3
Suppose -4*b = 5*g + 1, 0 = -2*g - 3*b + b - 2. Calculate the remainder when 26 is divided by (9/6)/(g/18).
8
Let x = 63 + -51. Calculate the remainder when 35 is divided by x.
11
Let w(d) = -13*d**3 - 3*d - 3. Calculate the remainder when 27 is divided by w(-1).
1
Let i = -22 - -18. Let m(v) = -4*v + 2. What is the remainder when m(i) is divided by 5?
3
Let q = 20 + -12. What is the remainder when 2/q - (-255)/20 is divided by 8?
5
Let b = -22 + 33. Let x be (2/6)/(1/15). Suppose x*p = 2*p + 5*y + 43, -4*p - 2*y = -92. What is the remainder when p is divided by b?
10
Let w be 4/(-20) + 42/10. Suppose 4*k = 4*m - 24, w*k - 5 = 3*k. What is the remainder when 19 is divided by m?
8
Let t(h) = -5*h**2 + 0*h**3 + 1 + 3 + 0*h**3 - h**3 + 5*h. What is the remainder when t(-6) is divided by 3*6*2/9?
2
Suppose -5*u = -4*x + 102, 0*x + 2*x - 58 = -u. Suppose -3*k - 22 = -67. What is the remainder when x is divided by k?
13
Let y(d) = d**2 + 4*d - 5. Let j be y(-5). What is the remainder when (-2 - -14) + -3 + j is divided by 3?
0
Let u be -3*(1 + -1*14). Calculate the remainder when 29 is divided by 13/u - 46/(-6).
5
Let r(s) = 3*s**2 - 9*s - 1. Let q(w) = 4*w**2 - 2*w + 2. Calculate the remainder when q(3) is divided by r(4).
10
Let u(m) = -m**2 - 4*m. Let w be u(-4). Let x = w + 8. What is the remainder when 23 is divided by x?
7
Suppose 4*c - 377 = c - a, 5*c + a = 625. Calculate the remainder when 21 is divided by (-12)/30 + c/10.
9
Let a(q) = -2*q - 9 + 3*q - 3*q. Let r be a(-7). Suppose 3*s - 2 = 5*s + 2*i, s + 21 = -r*i. Calculate the remainder when 10 is divided by s.
2
Suppose 3*h - 7 - 8 = 0. What is the remainder when 21 is divided by h + (4 + -3 - -2)?
5
Suppose -d = -6*d + k + 58, 54 = 4*d + 3*k. Calculate the remainder when 45 is divided by d.
9
Calculate the remainder when 294/(-2 + 5) - (1 - -1) is divided by 25.
21
What is the remainder when (-245 + -1)/(-4 + 2) is divided by 18?
15
Let n(p) = p**3 + p**2 + p + 4. Suppose -2*s = 2*s. Calculate the remainder when n(s) is divided by 2.
0
Let m = -17 - -7. What is the remainder when m*(-2 + 1) - -1 is divided by 4?
3
Let q(s) = -5*s - 5. Calculate the remainder when q(-10) is divided by 12.
9
Suppose s = -2*x + x + 18, -4*x - 5*s = -73. Suppose 3*i - 10 - 8 = 0. What is the remainder when (-16)/i*(-10 + -2) is divided by x?
15
Suppose -104 = -4*r - 0*r. What is the remainder when r is divided by (-10 - -7)/((-6)/14)?
5
Let x(a) = 3*a**2 + a - 1. Let k be x(1). Suppose 6 = 6*m - k*m. Suppose -4*c - 106 = -5*r, -r - 2*c = 2*c - m. Calculate the remainder when r is divided by 10.
8
Let z = -72 - -109. Suppose 5*j - 4 = 16. Suppose b = j*d - d - 33, 0 = -b - 3. What is the remainder when z is divided by d?
7
Suppose l = 4*p - 167, 2*p - l - 2*l - 91 = 0. Suppose 3*q = p + 4. Calculate the remainder when q is divided by 9.
6
Suppose 0*a = a. Suppose 2*r = 18 - a. Let w(f) = -7*f - 8. Calculate the remainder when w(-6) is divided by r.
7
Suppose 2*g - 5*v - 39 = 0, -6*g - 2*v + 170 = -g. Calculate the remainder when g is divided by 17.
15
Let b(x) = -2*x - 7. Let i be b(-6). Suppose -i*d + 178 = 2*v, -2*v - 221 = -5*v + 4*d. What is the remainder when v is divided by 20?
19
Let g(p) = -95*p - 31. Calculate the remainder when g(-2) is divided by 40.
39
Suppose -224 = -17*a + 82. What is the remainder when 102 is divided by a?
12
Let b be 16/5 + 1/(-5). Let r(u) = 0*u**3 - 3*u**3 - 2 + 2*u**b + 5*u**2. Calculate the remainder when 29 is divided by r(2).
9
Suppose 10 + 17 = 3*m. Calculate the remainder when m is divided by 5.
4
Suppose -4*l + 21 = -3. Let y(q) = q**3 + 10*q**2 - 3*q - 1. What is the remainder when y(-10) is divided by 9/l*40/6?
9
Suppose -l = -27 - 8. Calculate the remainder when l is divided by 9.
8
Let z be (-1 - 1)/(-2)*0. Suppose 0*c - 3*c + 114 = z. Calculate the remainder when c is divided by 13.
12
Let j(b) = -3*b + 6. Let m(a) = -a + 2. Let n(v) = -3*j(v) + 8*m(v). Calculate the remainder when 19 is divided by n(12).
9
Suppose 6*u - 3*u = 60. Suppose -t + 22 = -3*m, 4*m - t + 5*t = -8. Let o(d) = -11*d - 8. Calculate the remainder when o(m) is divided by u.
18
Let x(h) = -h**2 - 10*h + 3. Let o be x(-10). Suppose 2*q = -r + o + 1, 0 = 5*q. Calculate the remainder when 13 is divided by r.
1
Let g(x) = -x**3 - x**2 + 2. Let n be g(-2). Suppose n = 5*f + p, f + 4*p + 5 = -9. Let y(r) = r - 8. What is the remainder when f is divided by y(10)?
0
Let i(g) = -g - 2. Let f be i(-5). Let h(l) = -l**3 + 5*l**2 - l - 2. Calculate the remainder when 38 is divided by h(f).
12
Suppose -3*m - 3*s + 45 = 0, -m + 14 = 2*s - 0*s. Calculate the remainder when 58 is divided by m.
10
Let t(j) = -2*j + 3. Let q be t(-3). Suppose 11 + q = 2*a. Calculate the remainder when 39 is divided by a.
9
Let u = -6 + 16. Let k be ((-12)/8)/(6/(-8)). Suppose 18 = 5*b - k*c, b - 2*c = -0*b + u. What is the remainder when b is divided by 1?
0
Suppose 24*x - 12 = 23*x. Calculate the remainder when 177 is divided by x.
9
Let l = 9 + -9. Suppose -2*o + 3*r = -41, l*o - 4*o - 2*r = -90. What is the remainder when o is divided by 8?
6
Suppose 4*b + 4*g - 2 = -b, -3*g = 6. Suppose 6*i - 32 = b*i. Suppose 4*k - 70 = -k. Calculate the remainder when k is divided by i.
6
Let j be ((-296)/10)/((-8)/40). Let a = j + 88. Suppose 0*c + 5*c - d - a = 0, d = -1. Calculate the remainder when c is divided by 16.
15
Suppose l - 2*l + 19 = o, 2*l - 2*o - 22 = 0. What is the remainder when 28 is divided by l?
13
Suppose v = -0*v. Suppose -5*h + 3*w + 160 = 0, 0*h + 2*h + 3*w - 43 = v. Calculate the remainder when h is divided by (1 - -3)/(2/5).
9
Let v = -32 - -55. Calculate the remainder when 68 is divided by v.
22
Let k = 19 - -8. What is the remainder when k is divided by 10?
7
Let b = 42 + -22. Calculate the remainder when b/3*(-2 + 8) is divided by 14.
12
Suppose 0 = -5*x - 3*q + 112, -5*q - 20 = -10*q. Let t be 2/4*4 - -1. Calculate the remainder when x is divided by -1*11/((-3)/t).
9
Suppose -4*v + 5*v + x = 36, -2*x + 144 = 4*v. Calculate the remainder when 62 is divided by v.
26
What is the remainder when (-3)/((2/(-33))/((-12)/(-27))) is divided by 9?
4
Let t(a) = 13*a - 28. What is the remainder when t(5) is divided by 12?
1
Suppose 2*b - 89 = -5*n + b, 3*b = -3. Let m = n - 6. Suppose 3*d - m = 15. What is the remainder when 25 is divided by d?
7
Suppose 2*f = 3*f - 2. Let i(c) = 4*c**3 - c**2 + 1. Calculate the remainder when i(f) is divided by 10.
9
Let n = 12 + -7. Suppose -n*c + 0*c = -30. Calculate the remainder when -2 + (2 - -1) + 15 is divided by c.
4
What is the remainder when (6 - 8)*20/(-8) is divided by 4?
1
Suppose 4*i - 18 = 2*y - 4*y, -4*i + 23 = y. Let b be -2 + -1 + 2 - 1. Calculate the remainder when 20 + -2 + 0/b is divided by i.
4
Let r be (2 + 0)*(3 - 1). Suppose 4*b - 2*z - 42 = 0, -r*z = -0*b - 3*b + 19. Calculate the remainder when 38 is divided by b.
12
Suppose 28 = f + 13. Calculate the remainder when 73 is divided by f.
13
Let o(b) = b**3 - b**2 + 2*b - 5. Let j = -3 + 8. Let n be o(j). Suppose 4*x = x + n. Calculate the remainder when x is divided by 12.
11
Suppose 4*o = 5*n - 107, n + o - 15 = 5*o. What is the remainder when n is divided by 6?
5
Let z(u) = u**2 + u - 15. Suppose y + 2*y = 12. What is the remainder when z(-6) is divided by y?
3
Let k be 1 - -9*(-1)/1. Let l = -2 - k. Suppose 10 = -2*d + 3*d. Calculate the remainder when d is divided by l.
4
What is the remainder when (-12)/30 + (-876)/(-15) is divided by -2*20/(-1 + -1)?
18
Let a(q) = 3*q - q + 105 - 3*q. Let f be a(0). Suppose 0*d = -5*d + f. What is the remainder when 40 is divided by d?
19
Let v = 217 - 144. What is the remainder when v is divided by 25?
23
Let r = 78 + -40. Calculate the remainder when 111 is divided by r.
35
Suppose 4*v = 45 + 63. What is the remainder when v is divided by 15?
12
Suppose -5*o + 10*o = 30. What is the remainder when ((-1)/2)/(2/(-60)) is divided by o?
3
Suppose 4*l = 6 + 86. Calculate the remainder when l is divided by 12.
11
Calculate the remainder when 2/(-10) + 902/10 is divided by 31.
28
Let g(l) = l**2 + 3*l - 54. Let f(d) = -d**2 - 4*d + 55. Let r(q) = -4*f(q) - 5*g(q). Calculate the rema